re the prime factors of 597335066?
2, 298667533
What are the prime factors of 1812659621?
31, 58472891
What are the prime factors of 85699951?
85699951
What are the prime factors of 252463995?
3, 5, 7, 29, 953
List the prime factors of 1677992372.
2, 7, 19, 233, 13537
List the prime factors of 244580653.
173, 487, 2903
List the prime factors of 290930604.
2, 3, 43, 83, 6793
List the prime factors of 147823244.
2, 36955811
What are the prime factors of 614274476?
2, 153568619
What are the prime factors of 82757931?
3, 67, 199, 2069
What are the prime factors of 213438081?
3, 67, 1061881
What are the prime factors of 647244114?
2, 3, 11, 9806729
List the prime factors of 76591206.
2, 3, 4255067
What are the prime factors of 73603860?
2, 3, 5, 11, 111521
What are the prime factors of 49695063?
3, 11, 17, 8053
List the prime factors of 8476651.
439, 19309
List the prime factors of 1108711606.
2, 554355803
What are the prime factors of 3239280817?
3239280817
List the prime factors of 3982911876.
2, 3, 173, 639517
List the prime factors of 120903337.
17, 257, 27673
List the prime factors of 5284877288.
2, 251, 307, 8573
List the prime factors of 26166861.
3, 7, 138449
What are the prime factors of 201150221?
9049, 22229
List the prime factors of 47827908.
2, 3, 147617
What are the prime factors of 1819964960?
2, 5, 11, 1034071
List the prime factors of 308926680.
2, 3, 5, 71, 101, 359
List the prime factors of 42523175.
5, 37, 45971
List the prime factors of 557875295.
5, 103, 1083253
What are the prime factors of 336986371?
263, 1281317
What are the prime factors of 531596417?
11, 48326947
List the prime factors of 535976888.
2, 66997111
List the prime factors of 427100377.
11, 137, 283411
List the prime factors of 2266715380.
2, 5, 757, 149717
What are the prime factors of 58770677?
7, 8395811
List the prime factors of 44507537.
31, 43, 173, 193
What are the prime factors of 3007568732?
2, 7, 107413169
What are the prime factors of 21368126?
2, 13, 821851
List the prime factors of 130091442.
2, 3, 13, 19, 41, 2141
List the prime factors of 2524566719.
263, 9599113
What are the prime factors of 225024469?
79, 2848411
What are the prime factors of 20974448?
2, 11, 119173
What are the prime factors of 99041446?
2, 7, 1010627
List the prime factors of 939902652.
2, 3, 13, 2008339
List the prime factors of 182733212.
2, 569, 80287
What are the prime factors of 933383292?
2, 3, 1823, 42667
List the prime factors of 87106217.
11, 1553, 5099
What are the prime factors of 694286581?
19, 4057, 9007
List the prime factors of 21825329.
71, 307399
List the prime factors of 1286622172.
2, 11, 67, 436439
List the prime factors of 553119555.
3, 5, 36874637
List the prime factors of 4832465.
5, 11, 41, 2143
What are the prime factors of 987861068?
2, 246965267
List the prime factors of 1429617477.
3, 107, 4453637
List the prime factors of 2326932208.
2, 145433263
List the prime factors of 1955511931.
1955511931
What are the prime factors of 1403903047?
1403903047
List the prime factors of 557895984.
2, 3, 11622833
List the prime factors of 42177861.
3, 11, 29, 59, 83
What are the prime factors of 323082371?
47, 89, 77237
What are the prime factors of 569938994?
2, 15937, 17881
What are the prime factors of 1469104279?
271, 773, 7013
What are the prime factors of 659807645?
5, 7, 18851647
List the prime factors of 63823035.
3, 5, 4254869
What are the prime factors of 13784046?
2, 3, 2297341
List the prime factors of 389642853.
3, 129880951
What are the prime factors of 455408509?
661, 688969
List the prime factors of 34351621.
2659, 12919
List the prime factors of 61359078.
2, 3, 11, 23, 83, 487
List the prime factors of 8025558426.
2, 3, 29, 59, 260587
What are the prime factors of 80876265?
3, 5, 37, 145723
List the prime factors of 5849181663.
3, 13, 307, 379, 1289
List the prime factors of 140474702.
2, 31, 2265721
What are the prime factors of 74175324?
2, 3, 6181277
What are the prime factors of 32582439?
3, 53, 22769
What are the prime factors of 139223914?
2, 17, 31, 4261
List the prime factors of 2322678222.
2, 3, 103, 383, 3271
List the prime factors of 31700328.
2, 3, 11, 120077
List the prime factors of 144511317.
3, 5352271
List the prime factors of 480962168.
2, 60120271
List the prime factors of 3565018413.
3, 11, 37, 108139
List the prime factors of 462972319.
462972319
What are the prime factors of 4613038920?
2, 3, 5, 7, 1830571
List the prime factors of 4380172056.
2, 3, 13, 193, 24247
What are the prime factors of 3951186048?
2, 3, 1143283
List the prime factors of 38023271.
11, 13, 17, 15641
List the prime factors of 386602653.
3, 23, 41, 136657
What are the prime factors of 83113236?
2, 3, 439, 1753
What are the prime factors of 23513912?
2, 23, 47, 2719
List the prime factors of 114997989.
3, 41, 934943
List the prime factors of 342356335.
5, 68471267
List the prime factors of 525970522.
2, 7, 11, 3415393
What are the prime factors of 27241239?
3, 9080413
What are the prime factors of 1492560047?
11, 599, 20593
What are the prime factors of 64921963?
17, 79, 48341
What are the prime factors of 1360714811?
19, 71616569
List the prime factors of 744447784.
2, 93055973
What are the prime factors of 366274154?
2, 7207, 25411
List the prime factors of 2902350.
2, 3, 5, 11, 1759
What are the prime factors of 86100706?
2, 43, 59, 71, 239
List the prime factors of 210467009.
19, 11077211
What are the prime factors of 3898758543?
3, 23, 109, 151, 3433
What are the prime factors of 1095832930?
2, 5, 23, 73, 65267
What are the prime factors of 13922986?
2, 7, 11, 8219
What are the prime factors of 372369820?
2, 5, 1531, 12161
What are the prime factors of 75768016?
2, 1871, 2531
What are the prime factors of 1581558866?
2, 881, 897593
List the prime factors of 3902254927.
71, 54961337
What are the prime factors of 83650603?
311, 268973
List the prime factors of 173254519.
109, 1117, 1423
List the prime factors of 30324650.
2, 5, 606493
List the prime factors of 365258610.
2, 3, 5, 4058429
List the prime factors of 62903101.
62903101
List the prime factors of 4305537876.
2, 3, 358794823
List the prime factors of 9666054.
2, 3, 19889
List the prime factors of 44749340.
2, 5, 2237467
What are the prime factors of 21985194?
2, 3, 7, 11, 23, 2069
List the prime factors of 2404796950.
2, 5, 48095939
What are the prime factors of 11592039?
3, 1451, 2663
What are the prime factors of 924824230?
2, 5, 11, 313, 26861
List the prime factors of 181488312.
2, 3, 2520671
List the prime factors of 437640722.
2, 218820361
What are the prime factors of 203662196?
2, 50915549
What are the prime factors of 2127511528?
2, 8059, 32999
What are the prime factors of 7532852?
2, 1883213
List the prime factors of 200152171.
29, 6901799
What are the prime factors of 752866921?
431, 983, 1777
What are the prime factors of 184906285?
5, 127, 291191
What are the prime factors of 173630488?
2, 337, 64403
What are the prime factors of 1790911403?
157, 11407079
List the prime factors of 26842350.
2, 3, 5, 149, 1201
List the prime factors of 69563283.
3, 23187761
List the prime factors of 89735554.
2, 17, 419, 6299
What are the prime factors of 118197597?
3, 7, 5628457
What are the prime factors of 151174690?
2, 5, 15117469
What are the prime factors of 675356680?
2, 5, 97, 174061
What are the prime factors of 127050839?
83, 163, 9391
What are the prime factors of 609570596?
2, 53, 2875333
List the prime factors of 550824454.
2, 275412227
List the prime factors of 5611650497.
5611650497
List the prime factors of 142195678.
2, 73, 101, 9643
What are the prime factors of 548917080?
2, 3, 5, 17, 23, 11699
List the prime factors of 3499172441.
17, 229, 907, 991
List the prime factors of 186053213.
47, 1951, 2029
What are the prime factors of 1860869687?
1860869687
What are the prime factors of 435891394?
2, 217945697
List the prime factors of 2009234993.
2009234993
What are the prime factors of 476500477?
476500477
List the prime factors of 867460558.
2, 719, 839
What are the prime factors of 575521688?
2, 7, 257, 39989
List the prime factors of 103051195.
5, 13, 17, 179, 521
List the prime factors of 16089917.
41, 392437
List the prime factors of 2407161199.
43, 61, 917713
What are t